27258.
2, 3, 7, 11, 59
List the prime factors of 56217.
3, 7, 2677
What are the prime factors of 12285?
3, 5, 7, 13
What are the prime factors of 27679?
89, 311
What are the prime factors of 1267?
7, 181
What are the prime factors of 9114?
2, 3, 7, 31
What are the prime factors of 1767?
3, 19, 31
List the prime factors of 8780.
2, 5, 439
What are the prime factors of 2848?
2, 89
List the prime factors of 1198.
2, 599
List the prime factors of 12871.
61, 211
What are the prime factors of 88263?
3, 7, 467
What are the prime factors of 481?
13, 37
List the prime factors of 835.
5, 167
What are the prime factors of 1278?
2, 3, 71
List the prime factors of 6270.
2, 3, 5, 11, 19
What are the prime factors of 1040?
2, 5, 13
What are the prime factors of 89046?
2, 3, 17, 97
List the prime factors of 82.
2, 41
What are the prime factors of 3059?
7, 19, 23
List the prime factors of 2353.
13, 181
What are the prime factors of 3952?
2, 13, 19
List the prime factors of 1230.
2, 3, 5, 41
List the prime factors of 5118.
2, 3, 853
What are the prime factors of 55449?
3, 61, 101
What are the prime factors of 73742?
2, 36871
List the prime factors of 949.
13, 73
What are the prime factors of 6643?
7, 13, 73
What are the prime factors of 5149?
19, 271
What are the prime factors of 15594?
2, 3, 23, 113
List the prime factors of 10573.
97, 109
What are the prime factors of 114850?
2, 5, 2297
List the prime factors of 39799.
39799
What are the prime factors of 5047?
7, 103
What are the prime factors of 27551?
27551
What are the prime factors of 80?
2, 5
List the prime factors of 2826.
2, 3, 157
What are the prime factors of 37128?
2, 3, 7, 13, 17
List the prime factors of 19506.
2, 3, 3251
What are the prime factors of 11343?
3, 19, 199
List the prime factors of 53821.
107, 503
List the prime factors of 159.
3, 53
List the prime factors of 381.
3, 127
List the prime factors of 3217.
3217
What are the prime factors of 5223?
3, 1741
List the prime factors of 6226.
2, 11, 283
List the prime factors of 31380.
2, 3, 5, 523
What are the prime factors of 11?
11
What are the prime factors of 38934?
2, 3, 7, 103
What are the prime factors of 8634?
2, 3, 1439
List the prime factors of 16643.
11, 17, 89
List the prime factors of 12776.
2, 1597
What are the prime factors of 57953?
7, 17, 487
List the prime factors of 14070.
2, 3, 5, 7, 67
What are the prime factors of 1184?
2, 37
What are the prime factors of 1075?
5, 43
List the prime factors of 25050.
2, 3, 5, 167
What are the prime factors of 5004?
2, 3, 139
List the prime factors of 2990.
2, 5, 13, 23
What are the prime factors of 129?
3, 43
List the prime factors of 690.
2, 3, 5, 23
What are the prime factors of 1140?
2, 3, 5, 19
What are the prime factors of 5895?
3, 5, 131
What are the prime factors of 43097?
71, 607
What are the prime factors of 1307?
1307
What are the prime factors of 52984?
2, 37, 179
What are the prime factors of 1999?
1999
What are the prime factors of 8253?
3, 7, 131
List the prime factors of 7768.
2, 971
What are the prime factors of 110762?
2, 55381
List the prime factors of 4179.
3, 7, 199
List the prime factors of 1227.
3, 409
List the prime factors of 74205.
3, 5, 17, 97
What are the prime factors of 108804?
2, 3, 9067
What are the prime factors of 1040?
2, 5, 13
List the prime factors of 818.
2, 409
What are the prime factors of 1772?
2, 443
List the prime factors of 998.
2, 499
What are the prime factors of 13182?
2, 3, 13
List the prime factors of 21174.
2, 3, 3529
What are the prime factors of 1630?
2, 5, 163
What are the prime factors of 105902?
2, 52951
List the prime factors of 76441.
76441
What are the prime factors of 1859?
11, 13
List the prime factors of 3016.
2, 13, 29
What are the prime factors of 760?
2, 5, 19
List the prime factors of 808.
2, 101
List the prime factors of 1591.
37, 43
What are the prime factors of 20473?
59, 347
List the prime factors of 2050.
2, 5, 41
List the prime factors of 926.
2, 463
What are the prime factors of 2541?
3, 7, 11
List the prime factors of 163.
163
What are the prime factors of 5174?
2, 13, 199
What are the prime factors of 99617?
7, 19, 107
What are the prime factors of 3525?
3, 5, 47
What are the prime factors of 3830?
2, 5, 383
What are the prime factors of 43257?
3, 14419
List the prime factors of 3178.
2, 7, 227
List the prime factors of 6632.
2, 829
What are the prime factors of 1876?
2, 7, 67
What are the prime factors of 378?
2, 3, 7
List the prime factors of 2831.
19, 149
List the prime factors of 55253.
11, 5023
What are the prime factors of 13739?
11, 1249
What are the prime factors of 155?
5, 31
What are the prime factors of 44952?
2, 3, 1873
List the prime factors of 848.
2, 53
List the prime factors of 27337.
27337
List the prime factors of 53446.
2, 26723
What are the prime factors of 36016?
2, 2251
What are the prime factors of 148004?
2, 163, 227
List the prime factors of 1215.
3, 5
List the prime factors of 1107.
3, 41
List the prime factors of 115540.
2, 5, 53, 109
What are the prime factors of 24116?
2, 6029
List the prime factors of 967.
967
List the prime factors of 23686.
2, 13, 911
List the prime factors of 3569.
43, 83
What are the prime factors of 56663?
56663
What are the prime factors of 111892?
2, 11, 2543
What are the prime factors of 33262?
2, 16631
What are the prime factors of 8130?
2, 3, 5, 271
What are the prime factors of 1170?
2, 3, 5, 13
List the prime factors of 833.
7, 17
What are the prime factors of 270?
2, 3, 5
What are the prime factors of 33372?
2, 3, 103
List the prime factors of 2256.
2, 3, 47
List the prime factors of 2040.
2, 3, 5, 17
What are the prime factors of 11697?
3, 7, 557
List the prime factors of 6250.
2, 5
What are the prime factors of 9322?
2, 59, 79
What are the prime factors of 8087?
8087
What are the prime factors of 38353?
7, 5479
What are the prime factors of 1435?
5, 7, 41
List the prime factors of 4210.
2, 5, 421
List the prime factors of 218.
2, 109
List the prime factors of 79.
79
List the prime factors of 1667.
1667
List the prime factors of 773.
773
What are the prime factors of 804?
2, 3, 67
What are the prime factors of 8088?
2, 3, 337
What are the prime factors of 1408?
2, 11
List the prime factors of 7240.
2, 5, 181
List the prime factors of 2084.
2, 521
What are the prime factors of 879?
3, 293
List the prime factors of 4449.
3, 1483
List the prime factors of 5032.
2, 17, 37
What are the prime factors of 1459?
1459
List the prime factors of 56970.
2, 3, 5, 211
What are the prime factors of 2349?
3, 29
List the prime factors of 41434.
2, 20717
What are the prime factors of 106?
2, 53
List the prime factors of 9207.
3, 11, 31
What are the prime factors of 12326?
2, 6163
What are the prime factors of 9885?
3, 5, 659
What are the prime factors of 624?
2, 3, 13
What are the prime factors of 1260?
2, 3, 5, 7
What are the prime factors of 23107?
7, 3301
What are the prime factors of 21220?
2, 5, 1061
List the prime factors of 66947.
66947
What are the prime factors of 10829?
7, 13, 17
What are the prime factors of 21002?
2, 10501
List the prime factors of 12039.
3, 4013
What are the prime factors of 679?
7, 97
List the prime factors of 97154.
2, 31, 1567
List the prime factors of 59439.
3, 19813
List the prime factors of 810.
2, 3, 5
List the prime factors of 14846.
2, 13, 571
What are the prime factors of 2107?
7, 43
What are the prime factors of 899?
29, 31
List the prime factors of 1559.
1559
What are the prime factors of 23068?
2, 73, 79
List the prime factors of 1533.
3, 7, 73
What are the prime factors of 31682?
2, 7, 31, 73
What are the prime factors of 458?
2, 229
What are the prime factors of 2668?
2, 23, 29
List the prime factors of 7513.
11, 683
List the prime factors of 7873.
7873
List the prime factors of 6005.
5, 1201
List the prime factors of 38085.
3, 5, 2539
List the prime factors of 22984.
2, 13, 17
What are the prime factors of 10306?
2, 5153
List the prime factors of 39774.
2, 3, 7, 947
List the prime factors of 752.
2, 47
What are the prime factors of 90195?
3, 5, 7, 859
What are the prime factors of 1089?
3, 11
What are the prime factors of 950?
2, 5, 19
List the prime factors of 310.
2, 5, 31
What are the prime factors of 2922?
2, 3, 487
List th